it of 130?
3
What is the tens digit of 6085?
8
What is the hundreds digit of 17040?
0
What is the units digit of 1987?
7
What is the hundreds digit of 3646?
6
What is the hundreds digit of 4895?
8
What is the thousands digit of 2545?
2
What is the units digit of 2909?
9
What is the tens digit of 2272?
7
What is the units digit of 37371?
1
What is the tens digit of 19152?
5
What is the ten thousands digit of 10463?
1
What is the hundreds digit of 27444?
4
What is the tens digit of 683?
8
What is the ten thousands digit of 19134?
1
What is the tens digit of 761?
6
What is the units digit of 759?
9
What is the units digit of 8082?
2
What is the tens digit of 13054?
5
What is the tens digit of 474?
7
What is the units digit of 2011?
1
What is the units digit of 6959?
9
What is the tens digit of 19114?
1
What is the hundreds digit of 14747?
7
What is the ten thousands digit of 14253?
1
What is the thousands digit of 2046?
2
What is the units digit of 2509?
9
What is the tens digit of 96967?
6
What is the units digit of 1175?
5
What is the ten thousands digit of 114510?
1
What is the units digit of 334?
4
What is the hundreds digit of 483?
4
What is the hundreds digit of 28819?
8
What is the tens digit of 2896?
9
What is the units digit of 594?
4
What is the tens digit of 231?
3
What is the tens digit of 3958?
5
What is the ten thousands digit of 29202?
2
What is the units digit of 3586?
6
What is the ten thousands digit of 10003?
1
What is the thousands digit of 16302?
6
What is the thousands digit of 1393?
1
What is the hundreds digit of 1622?
6
What is the hundreds digit of 2258?
2
What is the tens digit of 242?
4
What is the units digit of 5897?
7
What is the hundreds digit of 9816?
8
What is the hundreds digit of 337?
3
What is the hundreds digit of 86966?
9
What is the ten thousands digit of 22992?
2
What is the hundreds digit of 91723?
7
What is the units digit of 1650?
0
What is the thousands digit of 56684?
6
What is the thousands digit of 5441?
5
What is the ten thousands digit of 85725?
8
What is the units digit of 1374?
4
What is the tens digit of 3685?
8
What is the tens digit of 2275?
7
What is the units digit of 38975?
5
What is the units digit of 662?
2
What is the hundreds digit of 835?
8
What is the units digit of 36493?
3
What is the units digit of 43484?
4
What is the tens digit of 4700?
0
What is the hundreds digit of 1708?
7
What is the units digit of 31839?
9
What is the thousands digit of 1603?
1
What is the thousands digit of 27093?
7
What is the thousands digit of 15700?
5
What is the thousands digit of 64400?
4
What is the tens digit of 584?
8
What is the tens digit of 542?
4
What is the units digit of 1435?
5
What is the thousands digit of 1470?
1
What is the hundreds digit of 8147?
1
What is the hundreds digit of 3741?
7
What is the ten thousands digit of 10465?
1
What is the thousands digit of 1633?
1
What is the thousands digit of 7913?
7
What is the hundreds digit of 4531?
5
What is the tens digit of 932?
3
What is the thousands digit of 31481?
1
What is the ten thousands digit of 19481?
1
What is the ten thousands digit of 99353?
9
What is the thousands digit of 6020?
6
What is the tens digit of 48213?
1
What is the thousands digit of 64486?
4
What is the hundreds digit of 4040?
0
What is the tens digit of 6693?
9
What is the hundreds digit of 819?
8
What is the units digit of 17721?
1
What is the tens digit of 5425?
2
What is the tens digit of 48901?
0
What is the tens digit of 17654?
5
What is the tens digit of 3260?
6
What is the tens digit of 91462?
6
What is the hundred thousands digit of 123207?
1
What is the hundreds digit of 9949?
9
What is the tens digit of 446?
4
What is the tens digit of 521?
2
What is the hundreds digit of 2518?
5
What is the units digit of 9480?
0
What is the thousands digit of 20884?
0
What is the thousands digit of 1156?
1
What is the thousands digit of 28984?
8
What is the hundreds digit of 402?
4
What is the hundreds digit of 17978?
9
What is the hundreds digit of 1233?
2
What is the thousands digit of 5949?
5
What is the ten thousands digit of 15126?
1
What is the units digit of 23239?
9
What is the tens digit of 8012?
1
What is the thousands digit of 16815?
6
What is the units digit of 26834?
4
What is the units digit of 401?
1
What is the thousands digit of 74072?
4
What is the tens digit of 40?
4
What is the hundred thousands digit of 105507?
1
What is the thousands digit of 12687?
2
What is the hundred thousands digit of 118814?
1
What is the units digit of 673?
3
What is the units digit of 693?
3
What is the tens digit of 485?
8
What is the hundreds digit of 18007?
0
What is the tens digit of 42917?
1
What is the thousands digit of 3083?
3
What is the thousands digit of 7323?
7
What is the units digit of 7806?
6
What is the hundreds digit of 7938?
9
What is the units digit of 1102?
2
What is the tens digit of 23780?
8
What is the units digit of 65308?
8
What is the thousands digit of 94056?
4
What is the units digit of 559?
9
What is the thousands digit of 2401?
2
What is the thousands digit of 1331?
1
What is the tens digit of 64?
6
What is the tens digit of 5511?
1
What is the thousands digit of 52190?
2
What is the units digit of 726?
6
What is the units digit of 24817?
7
What is the hundreds digit of 2341?
3
What is the ten thousands digit of 66057?
6
What is the units digit of 39193?
3
What is the thousands digit of 1824?
1
What is the ten thousands digit of 117235?
1
What is the tens digit of 32928?
2
What is the tens digit of 991?
9
What is the ten thousands digit of 14417?
1
What is the hundreds digit of 3517?
5
What is the ten thousands digit of 15788?
1
What is the units digit of 811?
1
What is the units digit of 24557?
7
What is the ten thousands digit of 10204?
1
What is the ten thousands digit of 18829?
1
What is the tens digit of 942?
4
What is the tens digit of 9653?
5
What is the hundreds digit of 14614?
6
What is the hundreds digit of 74908?
9
What is the hundreds digit of 8730?
7
What is the thousands digit of 31000?
1
What is the hundreds digit of 798?
7
What is the thousands digit of 9761?
9
What is the units digit of 1193?
3
What is the units digit of 2320?
0
What is the tens digit of 50188?
8
What is the thousands digit of 10329?
0
What is the units digit of 1180?
0
What is the tens digit of 1476?
7
What is the hundreds digit of 30904?
9
What is the thousands digit of 5879?
5
What is the hundreds digit of 37160?
1
What is the units digit of 577?
7
What is the tens digit of 4809?
0
What is the ten thousands digit of 13025?
1
What is the hundreds digit of 7023?
0
What is the hundreds digit of 248?
2
What is the units digit of 2812?
2
What is the units digit of 3969?
9
What is the hundreds digit of 47238?
2
What is the thousands digit of 1180?
1
What is the hundreds digit of 2493?
4
What is the ten thousands digit of 42698?
4
What is the tens digit of 400?
0
What is the tens digit of 2415?
1
What is the hundreds digit of 3132?
1
What is the hundreds digit of 900?
9
What is the hundreds digit of 2175?
1
What is the hundreds digit of 32421?
4
What is the thousands digit of 19379?
9
What is the thousands digit of 82852?
2
What is the ten thousands digit of 28916?
2
What is the hundreds digit of 12261?
2
What is the units digit of 852?
2
What is the hundreds digit of 739?
7
What is the units digit of 1689?
9
What is the tens digit of 20886?
8
What is the hundreds digit of 25025?
0
What is the ten thousands digit of 11930?
1
What is the thousands digit of 1339?
1
What is the hundreds digit of 143?
1
What is the tens digit of 374?
7
What is the hundreds digit of 1137?
1
What is the units digit of 191?
1
What is the hundreds digit of 4698?
6
What is the units digit of 1013?
3
What is the tens digit of 32561?
6
What is the thousands digit of 16122?
6
What is the tens digit of 14624?
2
What is the units digit of 912?
2
What is the hundreds digit of 1406?
4
What is the ten thousands digit of 12559?
1
What is the ten thousands digit of 118929?
1
What is the tens digit of 357?
5
What is the hundreds digit of 58594?
5
What is the units digit of 24489?
9
What is the hundreds digit of 25768?
7
What is the ten thousands digit of 26368?
2
What is the hundreds digit of 11